he highest common factor of 87 and 551?
29
Calculate the greatest common factor of 113 and 8.
1
Calculate the highest common factor of 117 and 2899.
13
Calculate the greatest common divisor of 374 and 66.
22
Calculate the highest common factor of 1555 and 25.
5
Calculate the highest common factor of 4498 and 78.
26
Calculate the greatest common factor of 1725 and 69.
69
What is the highest common divisor of 10231 and 39?
13
Calculate the highest common factor of 111 and 3.
3
What is the greatest common divisor of 6066 and 18?
18
What is the highest common factor of 127 and 10541?
127
What is the greatest common divisor of 605 and 550?
55
Calculate the highest common divisor of 23701 and 173.
173
What is the highest common divisor of 204 and 192?
12
Calculate the greatest common divisor of 13 and 117.
13
Calculate the greatest common factor of 59 and 531.
59
What is the greatest common factor of 168 and 32?
8
Calculate the greatest common factor of 999 and 6.
3
What is the greatest common divisor of 156 and 8?
4
Calculate the greatest common divisor of 1305 and 45.
45
What is the highest common divisor of 122 and 4514?
122
Calculate the highest common factor of 324 and 96.
12
What is the highest common factor of 15256 and 8?
8
What is the highest common factor of 14 and 14322?
14
What is the highest common factor of 56 and 2324?
28
What is the greatest common factor of 147 and 3?
3
What is the highest common divisor of 23 and 46?
23
What is the highest common divisor of 65 and 52?
13
What is the highest common divisor of 16 and 1252?
4
Calculate the greatest common factor of 48 and 1284.
12
What is the highest common factor of 551 and 38?
19
What is the greatest common factor of 2 and 162?
2
What is the highest common divisor of 1840 and 720?
80
What is the highest common divisor of 24 and 152?
8
Calculate the highest common divisor of 120 and 2760.
120
Calculate the greatest common factor of 226 and 5.
1
What is the greatest common divisor of 32 and 76?
4
Calculate the highest common factor of 483 and 9338.
161
Calculate the highest common factor of 2 and 1070.
2
What is the greatest common divisor of 35 and 56?
7
Calculate the greatest common factor of 220 and 165.
55
Calculate the highest common factor of 24 and 44.
4
What is the greatest common divisor of 93 and 3?
3
Calculate the greatest common factor of 234 and 54.
18
What is the greatest common divisor of 8 and 10?
2
What is the greatest common factor of 54 and 363?
3
What is the greatest common divisor of 188 and 705?
47
Calculate the greatest common divisor of 1064 and 168.
56
What is the highest common divisor of 104 and 10530?
26
What is the highest common factor of 13 and 17693?
13
What is the greatest common factor of 69 and 23?
23
Calculate the highest common divisor of 5 and 6515.
5
Calculate the highest common divisor of 575 and 23.
23
What is the highest common divisor of 3572 and 171?
19
What is the greatest common factor of 285 and 30?
15
What is the highest common factor of 338 and 65?
13
Calculate the greatest common divisor of 2145 and 195.
195
Calculate the highest common factor of 299 and 13.
13
What is the greatest common factor of 247 and 95?
19
What is the highest common divisor of 83 and 1411?
83
Calculate the highest common factor of 143 and 11.
11
Calculate the greatest common factor of 2055 and 90.
15
What is the greatest common factor of 72 and 270?
18
What is the highest common divisor of 80 and 42120?
40
Calculate the greatest common divisor of 171 and 285.
57
What is the highest common factor of 58 and 2349?
29
What is the greatest common divisor of 1120 and 7392?
224
Calculate the greatest common factor of 26397 and 18.
9
Calculate the greatest common divisor of 189 and 81.
27
Calculate the highest common divisor of 86 and 2150.
86
Calculate the greatest common divisor of 1344 and 640.
64
Calculate the highest common divisor of 124 and 1054.
62
What is the highest common divisor of 124 and 217?
31
Calculate the greatest common factor of 72 and 396.
36
Calculate the greatest common divisor of 16 and 488.
8
Calculate the highest common factor of 651 and 21.
21
Calculate the highest common factor of 115 and 1679.
23
What is the highest common factor of 35 and 11585?
35
What is the highest common factor of 2726 and 232?
58
Calculate the highest common divisor of 1496 and 34.
34
What is the greatest common divisor of 912 and 688?
16
Calculate the highest common factor of 45 and 255.
15
Calculate the highest common factor of 860 and 140.
20
What is the highest common factor of 485 and 679?
97
Calculate the highest common divisor of 87 and 3132.
87
Calculate the greatest common factor of 1428 and 252.
84
Calculate the highest common factor of 94 and 423.
47
Calculate the greatest common factor of 1519 and 31.
31
What is the highest common factor of 1106 and 70?
14
What is the highest common factor of 8454 and 18?
6
Calculate the highest common divisor of 19670 and 14.
14
What is the greatest common divisor of 672 and 147?
21
What is the greatest common factor of 11 and 11528?
11
Calculate the greatest common divisor of 453 and 6.
3
Calculate the highest common divisor of 1160 and 40.
40
What is the highest common factor of 36 and 8604?
36
Calculate the greatest common divisor of 4 and 64.
4
Calculate the highest common factor of 17344 and 320.
64
Calculate the greatest common divisor of 319 and 29.
29
What is the highest common divisor of 47 and 4747?
47
Calculate the greatest common divisor of 150 and 825.
75
Calculate the highest common divisor of 30 and 9165.
15
What is the greatest common divisor of 570 and 30?
30
Calculate the highest common factor of 64 and 416.
32
Calculate the highest common divisor of 3737 and 37.
37
What is the highest common divisor of 510 and 1326?
102
Calculate the highest common divisor of 33670 and 28.
14
What is the greatest common divisor of 70 and 50?
10
What is the highest common factor of 204 and 3372?
12
What is the highest common divisor of 190 and 532?
38
Calculate the highest common factor of 102 and 1056.
6
What is the greatest common divisor of 135 and 81?
27
Calculate the greatest common divisor of 6 and 786.
6
What is the greatest common factor of 5357 and 11?
11
Calculate the greatest common divisor of 102 and 119.
17
Calculate the highest common divisor of 60 and 2460.
60
Calculate the greatest common factor of 2952 and 82.
82
Calculate the highest common factor of 1824 and 969.
57
What is the greatest common divisor of 7 and 3?
1
Calculate the greatest common factor of 391 and 23.
23
What is the greatest common divisor of 340 and 380?
20
What is the highest common divisor of 89 and 2?
1
Calculate the greatest common factor of 6478 and 164.
82
What is the greatest common divisor of 1113 and 1431?
159
What is the greatest common factor of 6 and 294?
6
What is the greatest common divisor of 32 and 944?
16
Calculate the highest common factor of 270 and 5454.
54
What is the highest common factor of 40 and 1296?
8
What is the greatest common factor of 48 and 2064?
48
What is the highest common divisor of 32 and 12?
4
What is the highest common divisor of 3235 and 5?
5
What is the highest common divisor of 74 and 16539?
37
Calculate the highest common divisor of 7448 and 399.
133
Calculate the greatest common factor of 88 and 374.
22
What is the greatest common divisor of 1406 and 814?
74
Calculate the greatest common factor of 42 and 672.
42
Calculate the greatest common divisor of 60 and 1104.
12
What is the greatest common divisor of 1573 and 143?
143
Calculate the greatest common divisor of 109524 and 12.
12
Calculate the highest common factor of 413 and 7.
7
What is the highest common divisor of 1242 and 598?
46
What is the greatest common divisor of 3 and 291?
3
What is the highest common factor of 813 and 3?
3
Calculate the greatest common divisor of 28 and 462.
14
Calculate the greatest common factor of 495 and 4510.
55
What is the highest common divisor of 165 and 770?
55
Calculate the greatest common divisor of 54 and 1593.
27
Calculate the greatest common divisor of 10961 and 194.
97
Calculate the highest common divisor of 522 and 1086.
6
Calculate the highest common factor of 196 and 2044.
28
Calculate the h